Suppose -3*b + 3*d + 42 = 0, -4*d + 3*d + 20 = b. Suppose -14*v + b*v = 18. Let k(o) = 3 + 8*o - 3*o + v*o - 14*o. Determine k(3).
-6
Suppose -37*l + 17 + 205 = 0. Let o(j) = j - 8. What is o(l)?
-2
Let j(b) = 4*b - 2. Let l(g) = 5*g - 4. Let f be l(-6). Let c = -32 - f. Calculate j(c).
6
Let o be (0 + (-6)/3)*(-182)/(-52). Let j(f) = f + 9. Calculate j(o).
2
Let f(x) = -3*x + 6. Let m(j) = 7*j - 11. Let w(b) = -7*f(b) - 4*m(b). Let i be 6/(24/20) + -8. Calculate w(i).
23
Let z = -43 - -29. Let c = z - -19. Let u(h) = 0*h - 3 + 2*h + 0*h. Determine u(c).
7
Suppose -k = k + 6, -4*w + 5*k = -39. Let t = w + -4. Let j(v) = -v + 4 - 6*v + t*v. Calculate j(3).
-11
Let c(t) = t**2 + 15*t + 17. Suppose 3*p - 13*m + 31 = -11*m, 2*p - 3*m + 14 = 0. Determine c(p).
-9
Let p(c) = 5*c**3 + 1. Let w be p(1). Let d(j) = 149*j**2 - 48*j**2 - 52*j**2 - 48*j**2 - 8*j + 6. Give d(w).
-6
Let x(y) = 26*y**3 - 11*y**3 - 5*y**3 + 6*y - 11*y**2 - 11*y**3 + 0 - 7. Calculate x(-12).
65
Suppose 4*z = 4*o, o + 2*z = -2*o + 20. Let i(a) be the third derivative of a**4/24 + 5*a**3/6 + 134*a**2. Give i(o).
9
Let v(t) = t**3 - 3*t**2 + 6*t - 7. Let m be v(2). Let g(l) be the third derivative of 7*l**4/24 - l**3/6 + 6*l**2. Give g(m).
6
Let a(o) be the second derivative of o**6/360 - o**5/20 + o**4/6 - o**3/6 - o. Let d(w) be the second derivative of a(w). Let f = 1568 + -1562. Calculate d(f).
4
Let t(c) = c**2 + 5 - 2 - 6. Determine t(3).
6
Let h(x) be the third derivative of x**6/24 - x**5/20 + x**3/2 + 73*x**2 - 3*x. Give h(2).
31
Let t(b) = 11*b**3 - 6*b**2 - 6*b + 6. Let s(i) = 8*i**3 - 4*i**2 - 4*i + 4. Let p(w) = -8*s(w) + 5*t(w). What is p(2)?
-62
Suppose -12 = 4*l + 5*z, -5*l - 4*z = -3*l + 12. Let q(u) = 147 - 147 - 2*u + 2*u**l. Calculate q(-2).
12
Let g(p) = -p - 7. Let k = -42 + 42. What is g(k)?
-7
Let x(o) = 1 + 6*o + 5433*o**2 - 5443*o**2 + 4. Determine x(-1).
-11
Let d(j) be the third derivative of j**5/30 + j**4/4 + j**3/6 + 349*j**2. Calculate d(-4).
9
Let v(n) = -5*n**2 - 1. Let f(m) = 6*m**2 - m + 1. Let g = 10 + -6. Let x(h) = g*f(h) + 5*v(h). Determine x(-2).
3
Let x = -3 + -1. Let g be 4/14 - (-1)/((-35)/(-130)). Let y(j) = 19*j**2 - 22*j**2 - j**3 - g + 2*j + 2*j. Calculate y(x).
-4
Let m(d) be the first derivative of d**4/4 - d**3/3 - d**2/2 - 7*d + 96. Calculate m(0).
-7
Let f(g) be the second derivative of -g**3/2 + 5*g - 59. Determine f(-2).
6
Let a(n) = 2*n**2 - 12*n - 231. Let c be a(-8). Let s(i) = 2*i**2 + 9*i - 9. What is s(c)?
26
Let w = 13 + -11. Let l(p) = -8*p**w - 6*p**2 - 1 + p**2. What is l(1)?
-14
Let d(o) be the third derivative of -o**6/120 - 7*o**5/60 - o**4/24 + o**3/2 - 92*o**2. Determine d(-3).
-30
Let p(i) be the second derivative of i**4/12 + 4*i**3/3 + 3*i**2 - 508*i. What is p(-5)?
-9
Let o = 869 + -869. Let s(w) = w + 25. Give s(o).
25
Let n be (18/10)/(9/15). Let i(v) = -2*v - 4. Calculate i(n).
-10
Let f = 80 + -38. Let a = f + -35. Let o(h) = 2*h - 8. Calculate o(a).
6
Suppose 41 = -5*l + 4*f, -36 = 4*l - 6*f + 2*f. Let g(m) be the second derivative of 0 - 1/12*m**4 - 5/6*m**3 - 6*m - 3/2*m**2. What is g(l)?
-3
Let j(w) be the first derivative of -7/24*w**4 - 4 + 0*w + 0*w**2 + 2/3*w**3 - 1/120*w**5. Let r(u) be the third derivative of j(u). What is r(-5)?
-2
Let a(s) = s**3 + 11*s**2 + 2*s - 11. Let f(u) = 4*u**2 + 201*u + 39. Let b be f(-50). Calculate a(b).
-33
Let m(d) = -d - 2. Let w(n) = -5*n - 10. Let r(y) = -11*m(y) + 2*w(y). Suppose 3*o + 23 = -5*x, 3*o = -2*x + x - 7. What is r(x)?
-2
Let o be 9/4*-4*1. Let f(v) = v**3 - 6*v**2 + 3*v. Let g be f(2). Let u = g - o. Let c(b) = -b - 1. What is c(u)?
0
Let i(v) = 3*v - 8. Let o(t) = -5*t + 8. Let m(a) = 3*i(a) + 2*o(a). Calculate m(-6).
-2
Let n(w) = -w**2 - 2*w - 2. Suppose c + 30 = -5*t, -11*c = -12*c - 2*t - 15. Calculate n(c).
-17
Suppose 5*h - 78 = -r, 5*h - 93 + 7 = 3*r. Let v(a) = -2*a + 33. Calculate v(h).
1
Let y(m) = -m**3 - 5*m**2 - 6*m - 6. Let o be y(-4). Suppose 2*a + 24 = -3*t - 39, -o*t + 4*a = 42. Let l = t + 16. Let d(w) = -w - 1. Calculate d(l).
4
Let k(t) be the third derivative of -1/60*t**5 + 0 + 0*t + 1/12*t**4 + 1/2*t**3 - 19*t**2. Give k(4).
-5
Let o(g) = 9*g - g - 9 + 2*g**2 + g**3 + 9*g**2 - 5. Calculate o(-10).
6
Let q(w) = -4 + w**3 + 1 - 1 + w**2. Let i = 4 + -5. Let y = -1 - i. Give q(y).
-4
Let n(k) = -7 + 11*k - 15*k + 3*k. What is n(-6)?
-1
Let g be (-1 + 1)*(-1)/1 + 3. Suppose -5*k - 16 = -2*x - 0*x, 2 = k - g*x. Let u(r) = -r**2 - 3*r + 2. What is u(k)?
-2
Let f(y) = 3*y - 1. Suppose -10 = 5*k, 5*p + 124 = 3*p - k. Let b = p + 57. Give f(b).
-13
Let o(i) = -6*i**3 - i + 1. Let k(x) = -6*x**3 - 24 + x**3 - 2*x + 15 + 11. Let p(n) = -2*k(n) + 3*o(n). Suppose -7*v = -6*v - 1. Calculate p(v).
-8
Let y(k) be the third derivative of -k**6/720 + k**5/24 + k**4/4 + 22*k**2. Let l(s) be the second derivative of y(s). Calculate l(8).
-3
Let g(s) = 1 - 2*s - 6*s**2 - 3 - s**3 + 11*s**2 + 0. Let u(t) = -t**3 - 12*t**2 - 12*t - 8. Let o be u(-11). Give g(o).
10
Suppose -4*w + 35 = -6*w - 5*l, w - 2*l = 5. Let x(d) = -d**3 - 3*d**2 + 4. Let o be x(-3). Let n(s) = 2*s**3 + 5*s**2 - 2 - o - s**3. Give n(w).
-6
Let k(n) be the third derivative of n**6/120 + n**5/20 + n**4/24 + n**3/6 - 3*n**2. Let t = 5 - 15. Let l be (-10)/4*(-12)/t. Calculate k(l).
-2
Let s(v) = -v**3 + 11*v**2 + 27*v - 12. Let w be s(13). Let g be w/3 + (-22)/6*-1. Let i(r) be the first derivative of r**3/3 - 2*r**2 + 6*r + 1. Give i(g).
6
Let l = -8 + 11. Let j(d) be the first derivative of -3 + 0*d**2 + 3*d + 5/3*d**l + 1/4*d**4. Determine j(-5).
3
Let k(d) be the second derivative of d**4/12 + d**3/6 - 3*d**2/2 - 3*d. Let i(z) = -28 + 0*z + z + 18. Let w be i(10). Give k(w).
-3
Suppose -8*p - 10 + 42 = 0. Suppose 0*k + p = 2*k. Let l(h) = 6*h + 1 + 0*h + 1. Calculate l(k).
14
Let d(w) = 4*w + 4. Let f(n) = -8*n - 7. Let u(k) = -5*d(k) - 3*f(k). Suppose -44 + 15 = -29*o. Determine u(o).
5
Let x(f) = 14*f - 22. Let n be x(2). Let v(g) be the third derivative of 1/60*g**5 + 0*g - 7/24*g**4 + 0 - 1/6*g**3 - 2*g**2. What is v(n)?
-7
Let g(x) be the second derivative of -1/12*x**4 - 3*x**2 + 0 + 38*x + 5/3*x**3. Give g(9).
3
Let i(g) = -92*g - 16 + 93*g - 11. Determine i(12).
-15
Let j(v) = -3*v**3 - 23*v**2 + 25*v - 20. Let f(l) = -l**3 - 11*l**2 + 12*l - 10. Let x be 1/((5/2)/(-5)). Let y(z) = x*j(z) + 5*f(z). Calculate y(8).
6
Let h(v) = -40 + 42 - v**2 + 6*v + 2*v**2 - 3*v**2. Suppose -15 = u + 4*u, 3*u = -4*t + 11. Give h(t).
-18
Suppose 5*s = -5 + 20. Suppose -3*o = -s*g, 3*g - 4*o = -0*o + 2. Let a(k) = 0 + 0*k**2 + 1 + 3*k**2 + 2*k**3 + 3*k - k**3. Calculate a(g).
-1
Let z = 391 + -392. Let b(m) = -24*m**3 - m**2 + 1. Calculate b(z).
24
Let i(t) = 2*t**2 + 14*t - 4. Let o be i(-7). Let q be 0 + -4 + 5 - o. Suppose -5 + 27 = -4*z + 3*j, q*j - 30 = 5*z. Let u(s) = s + 4. Calculate u(z).
0
Let m(n) = -21*n**2 + 2*n - 6*n**3 - 24*n**2 + 3 + 43*n**2. Let f be m(-1). Let g(a) = a**2 - 5*a + 2. Give g(f).
2
Let b(p) = 6*p - 7. Let q = 47 + -43. Suppose -8 + 28 = q*d. Give b(d).
23
Let v(q) = 2*q + q - 3*q + 1 - 2*q. Let m = 294 + -293. Give v(m).
-1
Let j = -470 + 467. Let g(f) = -2*f**3 - 3*f**2 + f - 4. Give g(j).
20
Suppose -8 = -4*d - y, 2 = 5*d - 4*d - y. Let i(h) = 8*h - 6*h - h**d - 4*h - 1. What is i(-4)?
-9
Let o = 2 - -1. Let c be (1 + o)*14/8. Suppose 7*g - 4*g = -5*a + 33, -2*a = -5*g - c. Let s(z) = z**3 - 5*z**2 - 4*z - 8. Give s(a).
4
Let x(l) be the third derivative of -l**4/24 + l**3/2 - 9*l**2. Let m = 6 - 2. Let i be x(m). Let n(p) = -7*p**2 + 1. Calculate n(i).
-6
Let r(q) = -12*q + 14. Let u(z) = -36*z + 48. Let h(o) = 17*r(o) - 6*u(o). Determine h(4).
-2
Let b(y) be the second derivative of -y**4/2 + y**2/2 - 4*y. Let i be (-8)/12 - 2/6. Give b(i).
-5
Let i(r) = 6*r**2 - 5*r + 5. Let h(y) = -y**2 + 2*y - 1. Let f(o) = -3*h(o) - i(o). What is f(-2)?
-12
Let o(k) = k**2 - 3*k - 13. Let y be o(10). Let l = y + -53. Let x(c) = -2*c**3 + c**2 + 9*c. Let p(t) = t**3 - 5*t. Let w(v) = -7*p(v) - 4*x(v). Give w(l).
-4
Let b(i) = -3*i**3 + 3*i**2 - 2*i + 1. Let p(v) = -v**3 - 4*v**2 + v + 6. Let n be p(-5). Suppose 17*x = 4*x + n. Determine b(x).
-15
Let b(x) = 5*x**2 + 1. Suppose 5*r = 3*v - 379, 225 = -3*r + 8*v - 7*v. Let q = 73 + r. What is b(q)?
6
Suppose 